a(u) = -u**3 + 8*u**2 - 4*u - 1. Calculate the remainder when a(6) is divided by l.
11
Let d be -3 + 8 + 1 - 4. Suppose z - 45 = -d*o - 2*z, 2*o + 4*z - 42 = 0. Let a = -8 + 14. Calculate the remainder when o is divided by a.
3
Suppose 5*r - 702 = -502. Suppose 0 = w - 2*w - p, -4*w + 4*p = -r. Suppose 72 = 3*k + k. What is the remainder when k is divided by w?
3
Suppose 3*c = -2*t + 388, -3*c = -2*t - 2*t - 376. Calculate the remainder when c is divided by (-4)/(-30) + (-11033)/(-255) + 111/185.
40
Let l be 137/7 - 33/(-77). Let z be ((-16)/l)/((-2)/(-55)). Calculate the remainder when 4/z + 3186/99 is divided by 12.
8
Let f(p) = -p**3 - 28*p**2 - 102*p - 90. Calculate the remainder when 642 is divided by f(-24).
48
Calculate the remainder when (222/(-4))/((-5)/10) is divided by 28.
27
Calculate the remainder when ((-22)/(-8))/((-181)/(-2896)) is divided by 5.
4
Let s(o) = -o**2 + 53*o + 838. What is the remainder when s(52) is divided by 295?
5
Suppose 4*a - 75 = 157. Let x(v) = -5*v**3 + 131*v**2 - 24*v + 49. Calculate the remainder when x(26) is divided by a.
43
Let z = 4703 - 4433. Calculate the remainder when z is divided by 11.
6
Suppose t - 2*f = 39, -3*t - 2234*f = -2235*f - 87. Calculate the remainder when 5020 is divided by t.
25
Let q be 5/2 + 30/20. Let h(f) = f**3 - 2*f**2 - 5*f + 10. Let x be h(q). Let v = x + 44. Calculate the remainder when v is divided by 17.
15
Let u = -1020 - -1194. What is the remainder when u is divided by 35?
34
Let n(j) = -j**3 - 14*j**2 - 39*j + 5. Let x be n(-10). Calculate the remainder when 178 is divided by -6 - (x - (32 + -1)).
28
Suppose 0 = 14*j - 33 - 65. Let b = 810 - 757. What is the remainder when b is divided by j?
4
Let j(p) = 8*p**2 + 167*p - 13. Let r(a) = a**3 + 9*a**2 + 8*a + 12. Calculate the remainder when j(-26) is divided by r(-8).
9
What is the remainder when 3165 is divided by ((-460)/50 - -8)*(-19700)/15?
13
Suppose q + 2*q - 57 = 0. Suppose 80*m - 10737 - 3845 = -4582. Calculate the remainder when m is divided by q.
11
Suppose 23*l + 3*k - 1657 = 18*l, 5*k = 2*l - 638. Calculate the remainder when l is divided by 20.
9
Let o(d) = d**2 - 11*d - 13. Let w be o(12). Let l(q) = 11*q**2 - 4*q - 6. Calculate the remainder when l(w) is divided by 3.
0
Calculate the remainder when 100 is divided by 8/28 - ((-38913)/(-49))/(-17).
6
Suppose -5*r = t - 8, -4*t - 23*r + 17 = -18*r. What is the remainder when 327 is divided by (4 - -8)/t - -37?
40
Suppose 2*h = -2*s - 24, -s - 4*s + 4*h - 78 = 0. Let w be 53 + ((-1)/(-1))/((-7)/s). Let i = w - -92. What is the remainder when i is divided by 30?
27
Let g be 1061 + ((-74)/(-14) - 16/56). Suppose -4*z = 3*o - g, -522 = -2*z + 24*o - 20*o. What is the remainder when z is divided by 68?
61
Suppose -2*o + 74 = z, 4 = -3*o + 2*o. Suppose 3*x + z = -2*h, -140 = x + 4*x + 4*h. Let d = x + 38. Calculate the remainder when 38 is divided by d.
10
Let c be 18/(-117) + (-63)/13 - -5. Suppose 0*j - 4*o = 5*j - 114, c = j + 3*o - 14. Calculate the remainder when 50 is divided by j.
24
Suppose -2*k - 198 = 466*v - 470*v, 3*v - 3*k = 159. What is the remainder when 9888 is divided by v?
44
Suppose -4*k = -3*k - 2. Let q = 64 + -55. What is the remainder when k is divided by (-1)/(-3)*(0 - q/(-3))?
0
Let k = -813 - -828. Calculate the remainder when 251 is divided by k.
11
Let w(k) be the first derivative of -k**3/3 - 11*k**2/2 - 12*k - 20. Let a = 164 + -171. What is the remainder when 30 is divided by w(a)?
14
What is the remainder when -14 + -4 - 44370/(-17) is divided by 647?
4
Suppose 3*m - 18*y - 4259 = 7453, 3*m - 11597 = -5*y. Calculate the remainder when m is divided by 57.
55
Let x = 124 + -120. Suppose 4*c - 207 = -5*j - 19, 172 = 4*j - x*c. Calculate the remainder when 159 is divided by j.
39
Let q = -3535 - -3787. Calculate the remainder when q is divided by 48.
12
Calculate the remainder when 3115 is divided by (-4709)/(-187) + 13 + (-4)/22.
37
Let y(j) = -4*j**2 - 6*j + 35. Let p(g) = -7*g**2 - 13*g + 70. Let r(h) = -6*p(h) + 10*y(h). What is the remainder when r(-16) is divided by 26?
24
Suppose 0 = -n + 2*n - 86. Let r(d) = 37*d**2 + 2739*d + 105. Calculate the remainder when n is divided by r(-74).
24
Suppose -2*k - 13362 = -4*p, 112*p - 108*p = k + 13365. Calculate the remainder when p is divided by 16.
14
Let c = 195 + 517. Let j = c + -342. Calculate the remainder when j is divided by 47.
41
Let y(p) = -p**2 - 146 + 404 - 134 + 12*p - 143. Suppose -3*l = l + 2*b - 32, 3*l = -b + 25. What is the remainder when 29 is divided by y(l)?
5
Suppose 504 - 1631 = -28*w + 1785. Calculate the remainder when 2904 is divided by w.
96
Calculate the remainder when -9 - (11 - (-2124)/(-6)) is divided by 58.
44
Let i(p) = 56 + 51 + 10358*p - 10359*p. Calculate the remainder when 167 is divided by i(22).
82
Let a(i) = 4*i**2 - 37*i - 1. Let p = -4 - -9. Suppose -l = -p*l + 84. Calculate the remainder when a(10) is divided by l.
8
Suppose 4203 = 210*u - 8298 + 1371. Calculate the remainder when 540 is divided by u.
10
Let f(x) = -x**2 + 5*x + 27. Let y be f(-3). Suppose 0 = y*s - 4*q - 12, -7*q = -3*q - 12. Calculate the remainder when 2*1*13/2 is divided by s.
5
Let j = -9 + 5. Suppose -16*a + 569 = 121. Calculate the remainder when a is divided by 1/(j + (-105)/(-25)).
3
Let u(z) = -z**3 - 32*z**2 + 2*z - 26. Let l(q) = -2*q**3 - 32*q**2 + q - 27. Let a(v) = -2*l(v) + 3*u(v). What is the remainder when a(32) is divided by 21?
20
Let x = -848 - -895. Suppose x*g - 30*g - 1088 = 0. What is the remainder when 379 is divided by g?
59
Let q be 64 - (0/5)/4. Let c = q - 52. What is the remainder when 37 is divided by (-45)/12 + 4 - (-165)/c?
9
Let b be (-3 + 13)*(-2 - 14/(-4)). Suppose -6*y + b = -141. Suppose y*c - 40 = 21*c. Calculate the remainder when 20 is divided by c.
4
Let s = 6181 - 6138. What is the remainder when 2131 is divided by s?
24
Let z = 41 - 43. What is the remainder when 83 is divided by 8/6*(-33)/z?
17
Let n(w) = w + 4 - w - 4*w. Let i be n(1). Suppose -3*m + 6 = -i*m. Calculate the remainder when 11 is divided by m.
1
Let y(h) = 17*h - 93. Let k(v) = -5*v + 32. Let t(p) = 7*k(p) + 2*y(p). What is the remainder when 518 is divided by t(9)?
25
Let o = -5239 - -5363. What is the remainder when o is divided by 92?
32
Let h(z) = -4*z**3 + z**2 + 7*z + 7. Let j be h(-4). Suppose 10*u + j = 841. What is the remainder when u is divided by 20?
19
Suppose i = -5*h + 1810, h - 366 = 29*i - 30*i. Calculate the remainder when h is divided by 173.
15
Suppose 0 = 5*j + 10*j - 1350. Calculate the remainder when 440 is divided by j.
80
Suppose -52760 = 28735*c - 28755*c. Calculate the remainder when c is divided by 66.
64
Suppose 5*z + 5*t - 60 = 0, 9 = -3*t - 0*t. Suppose z = -4*h + 5*h. Let c(p) = p**3 - 15*p**2 - p + 16. What is the remainder when 3 is divided by c(h)?
0
Suppose 12*x + 78 = 13*x + 3*o, -x = 2*o - 79. Suppose 14 - 98 = -2*h. Calculate the remainder when x is divided by h.
39
Suppose 5*q = -5*z + 30, -7*q + 4*q + z = -2. Let b(n) = 22*n**2 + 0*n**2 - 9*n**q + 39*n**2 + 2 + 3*n. What is the remainder when b(-1) is divided by 14?
9
Calculate the remainder when 820 is divided by 1155/((-77)/(-7)) - 12.
76
Let k(b) = -b**3 + 10*b**2 + 22*b + 8. Let g be k(12). What is the remainder when 65 is divided by (g - -2)*2*3/(-12)?
2
Let m(d) = -38 - 38 + 104 - 35. Let c(q) = -q. Let t(j) = 4*c(j) + m(j). Calculate the remainder when 79 is divided by t(-12).
38
Suppose -7277 = 38*n - 19*n. Let p = 553 + n. Calculate the remainder when p is divided by 46.
32
Suppose -m = 6*y - 4*y - 377, 0 = 5*y + 3*m - 942. Suppose 4*n = 5*z + 182, -49*z + 46*z - 186 = -4*n. Calculate the remainder when y is divided by n.
45
Suppose 0 = 6*d - 9 + 3. Let s be 1 + d - (15 - 32). Suppose f - s = 1. What is the remainder when f is divided by 11?
9
Suppose -p - 3*u + 50 = 0, 230 = 4*p - 5*u + 47. Calculate the remainder when 92 is divided by p.
45
Calculate the remainder when 8771 is divided by ((-4)/4)/(13/(-507)).
35
Let i(w) = 2*w + 12. Suppose 0 = 5*s + 5*p + 45, 2*s - 2*p = -p - 9. Let f be i(s). Let a = 22 + f. What is the remainder when 43 is divided by a?
21
Suppose -10*w + 7*w + 309 = 0. Let c = w - 49. What is the remainder when c is divided by 2*3*1/2 - -1